+ (-2 - -8))) + -14.
-21
11 - (-1 + -2 + (-9 - -12)) - 16
-5
Calculate -2 + -18 + -1 - (968 - 1004).
15
-24 + -3 + (28 - (8 + -1 + -15 - -20))
-11
3 + -12 + -11 + (43 - 5)
18
Calculate (-10 + 34 + -19 - 19) + 40.
26
Calculate -5 + ((6 - 14 - -19 - 1) + 0 - 2).
3
Evaluate 0 - -9 - ((0 - -3 - 3) + 12 + -4).
1
Calculate 90 + -2 + (6150 - 6251).
-13
What is the value of (10 - (-21 + (2 - -19))) + 20?
30
What is the value of -81 + (-71 - (55 + -269))?
62
What is 21 + -10 - (-3 - 3 - (6 - 29))?
-6
Evaluate 27 - (-10 - (-12 - ((7 - -2) + -14 - 6))).
36
Calculate 0 - 27 - (-306 + 652 - 350).
-23
-27 + (24 - -160) - 160
-3
4 - (-189 + 50 - -195)
-52
Calculate 12 + (16 - 0) + -445 + 456.
39
106 + -16 + -72 - -61
79
What is the value of 2 + -18 + (4 - 0 - (18 - 26) - 16)?
-20
6 + (5 - (35 - (30 - 9)))
-3
What is 0 + (54 - 1) + (55 - -23 - 91)?
40
What is (30 + 16 - -41) + -39?
48
5 - ((-10 - -9) + 16 - 9)
-1
Calculate 25 + (-4 + -3 + 12 - (398 + -384)).
16
Calculate -13 - (-28 + 13 - -4 - (-38 + 36)).
-4
Evaluate -4 + -14 + 24 - (25 - 3) - (-1 + -119).
104
-10 + 1 - (19 - (-2 + 35) - (-22 + 1))
-16
What is -30 + (6 + -7 + 7 + 1 - 11)?
-34
What is the value of -6 + (8 + -28 - -13) + -3 + -1?
-17
What is 350 - 356 - ((4 - -1 - 3) + -5)?
-3
-3 + 2 + 0 + -1 + 2 + (419 - 454)
-35
Calculate (30 - 5) + (216 - 266).
-25
999 + -959 + (1 - -24) - (-23 + 1)
87
What is 46 - (157 + 31 + -68)?
-74
What is the value of 82 + -145 - -60 - (0 + 54)?
-57
Evaluate 13 - (9 + (-71 - -74) + (-1 - 5)) - -12.
19
What is the value of 38 + 44 + -34 + -99?
-51
Evaluate (5 + -107 - 4) + -2 - (13 + -61 - -44).
-104
2 + (-39 - -21) + 6 + -103
-113
Calculate 7 - (-39 - -2 - (-152 + 133)).
25
What is -4 + (-21 - 11) + 51 + (-60 - 3)?
-48
Calculate 510 + -497 + (1 - 5 - 1) + -3.
5
What is (4 - (-1 + 3)) + -12 - ((-33 - 46) + 63)?
6
What is 17 + (18 - (1 - -3)) - 14?
17
12 - (50 - 103) - 76
-11
What is the value of -25 + (76 + -88 - -37)?
0
What is the value of 31 + (29 + -22 - (7 - (5 + -3))) + -4?
29
Calculate -1 + 39 + (84 - 107) + 3.
18
What is (176 - (38 - 40 - -35)) + 3 + 2?
148
Calculate -41 - (-40 - -6) - 10 - 17.
-34
(-4 - 0 - 13) + (-18 - (36 + -46))
-25
What is the value of -25 + (-223 + 198 - (3 + -52))?
-1
Evaluate 13 + (-104 - 1 - (97 - (13 - -91))).
-85
Evaluate 1 + 4 + 5 + 23 + 30 + -57 - 65.
-59
Evaluate 20 + -2 - (254 + -228) - 3.
-11
Calculate 22 + 10 + -72 + 71 - (0 + -9 - -1).
39
What is the value of 2 + 0 - (264 - 210 - (-23 - -1))?
-74
What is (-5 - 118) + -1 + 13 + (-586 - -561)?
-136
15 + -6 + 17 - (-13 + (-7 - (-3 + -3)))
40
Evaluate (113 + 10 - 37) + (-40 - -16).
62
Calculate 4 + -5 + 5 + 58 - 2.
60
-16 + (19 - (11 - (-5 - (-19 + 6)))) + -8
-8
Calculate 8 + (-3 + -1 - ((-10 - -20) + -15)) + 7.
16
What is the value of 9 + (30 - ((2 - -18) + -30))?
49
What is the value of -132 - -188 - 158 - -97?
-5
Calculate 0 - (15 + 0) - (20157 - 20107).
-65
What is the value of 4 + (-167 - (32 - 44))?
-151
2 + (-19 - 0) - (24046 - 24068)
5
What is 535 + -491 - (1 - 5 - 1)?
49
What is the value of (-2 - -41 - (0 - 1)) + (238 - 51) + -178?
49
Evaluate 1 + 0 + 9 + (6 - -19) - 3.
32
Calculate 22 + -5 + 1 + (75 - 86) - (5 - 143).
145
What is 1 + (5 + -6 - (-21 + 11 - -7)) + 13?
16
What is the value of 27 + (-37 - (42 + -38)) + (-4 - (0 - 2))?
-16
(12 - -24 - -1 - -19) + 13 + -5
64
Evaluate 0 - (-75 - (18 + (-68 - -39) - (-1 + -6))).
71
Evaluate 2 - -94 - (-969 + 1012).
53
What is (1560 - 1545) + (3 - -11 - 0) + -2?
27
Evaluate (-69 - -4 - 3) + (82 - 72).
-58
Evaluate (-3 + 5 - -6) + (16 - (37 - -7)).
-20
-11 + 4 + 91 + (48 + -61 - (1 - 6))
76
Calculate (-35 - -33) + (2 - -11) + 102 - (-10 + 0).
123
-27 + -24 + -4 - (-18 - 0)
-37
Evaluate 14 + (-3 - -1) + -352 + 330 - -43.
33
What is 8 + (32 - 22) + -32 + 16?
2
Evaluate (-129 - -31) + 63 + -72.
-107
Evaluate 21 - (19 + (-13 - -9)) - (-98 + 8).
96
-1 - ((-16 + 13 - -18) + -25) - -1
10
Calculate -57 + 88 + -45 - -45.
31
Evaluate 19 + -4 + 40 + 24 + -44.
35
Evaluate (-173 - 3) + 184 + (196 - 337).
-133
Calculate -358 + 331 + (76 - -20).
69
Calculate 55 - (43 - (175 - 62)).
125
What is -32 - 4 - (-400 + 356)?
8
Evaluate (-16 - (20 + -45 + 13)) + (11 - 4) + 4.
7
What is the value of 24 + 1 - (2 - (-8 + 4) - (-10 + 24))?
33
Calculate (-62 - (6 + -5 + 1 + (-2 - 1))) + -6.
-67
What is the value of -134 + 257 + (-120 - -54)?
57
What is the value of 32 - 0 - ((6 - -3 - 0 - -12) + -10)?
21
Calculate 39 + -46 + 68 + -24 + 34.
71
What is the value of 70 + -78 + -5 + 100?
87
(-4 - 60) + 97 - (-3 - -10) - (-2 - -13)
15
Evaluate -59 + 5 + 3634 + -3537.
43
Calculate -23 + 29 + 39 + (-1 + 0 - -5 - 0).
49
What is 13 + -19 + 0 + 150 + -129?
15
Calculate 181 + -119 + (-4 - 29).
29
What is the value of -2 + (-1 - -5) + (-99 - -165) + -64?
4
Evaluate (-30 - -21) + -1 + (-2 - (73 + -2)).
-83
-3 + 4 - (78 + (-15 - 0) + -6)
-56
What is -45 + -6 + 0 - (-2 + (16 - 5)) - -10?
-50
What is 2 + -8 + (20 - (6 + -5 + 3)) + -6?
4
What is 0 + 5 + (-65 - -90 - 41)?
-11
Evaluate 18 + (75 - (-5 + 86)).
12
What is the value of 26 + 8 + (-32 - (-8 + -16))?
26
74 - 90 - (1 - (-11 - -14))
-14
-4 + (0 + 1 - (20 + (-10 - 64) + -5))
56
Calculate -3 + 10 + (-3 + -22 - -6).
-12
What is the value of -8 + 16 - -1 - (-8 + 9) - -22?
30
What is 0 - -40 - (-124 + (33 - -93))?
38
What is the value of 443 + -445 - (-11 + 4)?
5
What is -179 + 182 + 27 + -5 + -1?
24
What is 44 + -37 + 7 + 11?
25
(-74 - -89) + -86 - 9
-80
What is -61 + -4 + 3 + (-43 + 16 - -22 - 5)?
-72
What is the value of -17 + (-17 - (0 + -17 + -6)) + 51?
40
11 - (25 - (-5 + 13)) - 33
-39
Evaluate -331 - -305 - (-2 + -14 + -1).
-9
What is the value of -45 + (84 - (86 - 20))?
-27
Calculate 20 - (-36 - ((-85 - -39) + 12)).
22
Evaluate 1563 + -1534 + -2 + -51.
-24
What is the value of (-72 + 135 + -56 - (1 - -2)) + -51?
-47
What is -5624 - -5647 - (0 + -86)?
109
Calculate (0 - 5 - (-82 - -84)) + (-113 - -105).
-15
What is -63 - (50 - 222 - -86)?
23
Calculate (12 + (-20 + 27 - (12 - 0)) - -82) + -8.
81
What is the value of (105 - (211 + 3)) + 54?
-55
Evaluate 48 + -51 - (114 - 128 - (2 - 63)).
-50
What is 10 + 12 - (-4 + 2 - -10 - 5)?
19
(93 - 83) + 5 + -60
-45
32 + -2 + 3 + 0 + 4 + -12 + 13
38
Evaluate 5 + -1 - (72 - (-80 - -219) - (12 + 1)).
84
What is 10 + -11 + (-1 - (-9 + 2)) - (7 - 9)?
7
What is -12 - (-4 - ((5 - (20 - 12)) + 38))?
27
What is the value of 3 + -11 + (-31 - 3) + 43?
1
Evaluate (14 - (2 - 3) - 3) + 310 + -362.
-40
Evaluate -45 - 2 - (-3684 - -3552).
85
What is (11 + 13 - 19 - (0 + -3)) + -24?
-16
Calculate (0 + (-2 - -2) - 4 - (-146 + 120)) + -14.
8
What is (17 - (-15 + 11)) + -8 - (51 - -5)?
-43
What is -24 + -27 + -11 - -68?
6
Calculate (10 + -5 - -13) + (-2 - -20).
36
-9 + 5 + -19 + -9 - 8
-40
Calculate 13 + -9 - 1 - (-108 - (-20 + 17)).
108
Evaluate -1 + 89 + (-23 - (-5 + -26)) + (7 - 11).
92
What is -18 + 5 + 3 + 15 + 33?
38
Evaluate (70 - 0) + (5117 - 5229).
-42
Evaluate 87 - (122 - 36) - 23.
-22
What is -2 - -98 - (4707 - 4672)?
61
7 - (0 - ((7 - 11) + 3 + 5) - 4)
15
What is the value of (-18 - (-4 - -1)) + (51 - 21)?
15
What is the value of (4 - 2 - (232 - 163)) + 10?
-57
What is the value of 5 + -2 - (207 + -247)?
43
What is (59 + -99 - -90) + -56?
-6
(-428 - -446) + 3 + (-74 - 2) + -3
-58
Calculate 7 - (-69 + 50 - -52).
-26
Calculate -16 + -97 + 100 + -26.
-39
What is -5 - ((-53 + 18 - -18) + 26)?
-14
What is the value of 2 + 16 + 5 + -60 + 21?
-16
Evaluate 63 + 66 + -81 + -33.
15
2 + -13 + -40 + 99 + -53 + 0 + 88
83
What is the value of -9 + 3 + (-10 - -5) + 1 + 9 - -8?
7
Calculate 0 + -2 + (3 + -2 - -9) + 7 + -7.
8
Evaluate -33 - (13 - (125 - 24) - -14).
41
Evaluate 25 + 2 - (-692 - -716).
3
What is -22 + 0 + (6 - 7) + -20?
-43
Evaluate 3 + (5 - -1 - (9 - (-4 + -1))) + -43.
-48
What is the value of -27 + 13 - (-11 + 8 - 1 - 5) - -15?
10
What is the value of (1 - 34) + 35 + -93 + (-3 - 8)?
-102
-16 - ((-3 - (-7 - 4)) + -5 + -10)
-9
What is the value of 47 - (22 - -3 - (-36 + 50))?
36
-37 - -63 - -30 - -61
117
Evaluate 2 + -188 - (-6553 - -6455).
-88
Calculate 26 + -1 - (-682 - -681).
26
What is the value of (3 + 0 - 10) + (85 - -64) + -158?
-16
Evaluate -1 - -14 - (3 - -5 - (2 + -4)).
3
Calculate 2 - 0 - -20 - (-390 + 406).
6
-1 + -9 + 1 - (-317 + 320) - 25
-37
Calculate 12 - -4 - (1 - -13